11 and 432?
27
Calculate the highest common factor of 45097 and 52.
13
Calculate the greatest common divisor of 42539 and 217.
7
What is the greatest common factor of 1300 and 8425?
25
Calculate the highest common divisor of 346 and 222478.
346
What is the highest common divisor of 112 and 6184?
8
What is the greatest common divisor of 4305 and 11275?
205
What is the highest common factor of 360 and 4410?
90
What is the highest common divisor of 228 and 18582?
114
What is the highest common factor of 87373 and 128271?
1859
What is the highest common divisor of 9374 and 5074?
86
Calculate the greatest common divisor of 1545 and 15371205.
1545
What is the greatest common factor of 2778 and 48?
6
Calculate the greatest common factor of 8386480 and 80.
80
What is the highest common factor of 986368 and 304?
16
Calculate the greatest common factor of 96 and 16536.
24
What is the greatest common factor of 205 and 6755?
5
Calculate the greatest common divisor of 13117 and 26.
13
Calculate the highest common factor of 204257 and 10408.
1301
Calculate the highest common divisor of 81 and 25632.
9
What is the highest common divisor of 394874 and 2148?
358
What is the highest common factor of 50566 and 4978?
262
Calculate the highest common divisor of 29928 and 11524.
172
What is the greatest common factor of 155788 and 632?
316
What is the greatest common divisor of 11 and 326953?
11
What is the greatest common divisor of 51360 and 144?
48
Calculate the highest common divisor of 384 and 736.
32
What is the highest common divisor of 2905 and 33698?
581
Calculate the greatest common factor of 81840 and 291720.
1320
Calculate the highest common factor of 4194 and 117.
9
Calculate the greatest common factor of 9230 and 2080.
130
What is the highest common factor of 194366 and 942?
314
Calculate the greatest common factor of 7 and 5747.
7
What is the highest common factor of 29760 and 66588?
372
What is the greatest common divisor of 413945 and 175?
35
What is the highest common factor of 135269 and 109327?
1853
What is the greatest common divisor of 314516 and 488?
244
Calculate the highest common divisor of 47 and 328.
1
Calculate the highest common factor of 224 and 2142742.
14
What is the greatest common factor of 533000 and 533?
533
What is the greatest common divisor of 2662 and 27?
1
Calculate the highest common factor of 3038 and 62.
62
Calculate the greatest common divisor of 26 and 366782.
26
What is the highest common factor of 1415 and 155?
5
What is the highest common factor of 116664 and 48?
24
Calculate the greatest common factor of 3168 and 11264.
352
Calculate the highest common divisor of 1641 and 4250737.
547
Calculate the highest common factor of 552 and 13869.
69
What is the greatest common divisor of 1655 and 176423?
331
Calculate the highest common divisor of 787434 and 3.
3
What is the greatest common divisor of 126230 and 13390?
130
What is the highest common factor of 118 and 1736606?
118
What is the greatest common factor of 3113 and 7641?
283
What is the greatest common factor of 1072732 and 932?
932
Calculate the highest common factor of 360 and 8955.
45
What is the highest common factor of 78500 and 200?
100
What is the greatest common factor of 37858 and 506?
46
Calculate the greatest common factor of 1898 and 2030714.
146
Calculate the greatest common divisor of 895 and 27566.
179
Calculate the highest common factor of 1843704 and 2436.
348
Calculate the greatest common divisor of 678 and 168.
6
What is the highest common divisor of 42739 and 158?
79
What is the greatest common factor of 10001 and 1507?
137
What is the greatest common factor of 62 and 46?
2
What is the highest common factor of 157079 and 1118?
559
What is the greatest common factor of 1216 and 26600?
152
What is the highest common factor of 408 and 8823?
51
What is the highest common divisor of 1650 and 10050?
150
What is the greatest common factor of 148372 and 9841?
757
What is the greatest common divisor of 70 and 6457570?
70
Calculate the greatest common divisor of 258996 and 7449.
573
Calculate the greatest common factor of 19380 and 1220.
20
What is the highest common divisor of 9177 and 168?
21
Calculate the highest common factor of 22534 and 361.
19
Calculate the highest common divisor of 1649703 and 22.
11
Calculate the highest common divisor of 5193080 and 5.
5
Calculate the highest common divisor of 5580 and 171180.
180
What is the highest common divisor of 36648 and 120?
24
Calculate the greatest common factor of 3584 and 8768.
64
Calculate the highest common divisor of 171300 and 600.
300
What is the highest common factor of 591685 and 255?
85
Calculate the greatest common divisor of 16579 and 494279.
281
What is the highest common divisor of 45075 and 20?
5
Calculate the highest common divisor of 84480 and 8192.
512
What is the highest common divisor of 26 and 531921?
13
Calculate the highest common factor of 187 and 71111.
17
Calculate the greatest common factor of 4440 and 96.
24
What is the highest common divisor of 95702 and 20194?
878
Calculate the greatest common factor of 368391 and 391.
23
Calculate the highest common divisor of 160 and 770.
10
What is the highest common factor of 572 and 240526?
286
What is the greatest common divisor of 361 and 16853?
19
Calculate the highest common factor of 465256 and 11968.
1496
Calculate the greatest common factor of 22990 and 44.
22
What is the highest common divisor of 195484 and 12?
4
What is the highest common divisor of 100 and 45275?
25
Calculate the highest common divisor of 1247145 and 423.
141
What is the highest common factor of 8424 and 442?
26
Calculate the highest common factor of 576 and 10188.
36
What is the highest common divisor of 78 and 12555582?
78
Calculate the highest common divisor of 84872 and 16.
8
What is the greatest common divisor of 106395 and 1640?
205
What is the highest common divisor of 250 and 670?
10
What is the highest common factor of 684 and 56484?
36
What is the highest common divisor of 3487 and 77?
11
What is the greatest common divisor of 250966 and 232?
58
What is the highest common divisor of 91048 and 2128?
152
Calculate the greatest common factor of 465 and 892025.
155
What is the greatest common factor of 88 and 1181224?
88
Calculate the greatest common divisor of 215924 and 10396.
92
Calculate the greatest common factor of 10578 and 2337.
123
Calculate the highest common divisor of 1376 and 31734.
86
What is the greatest common divisor of 7 and 40681?
1
What is the highest common factor of 2937 and 24297?
267
What is the highest common factor of 1041 and 184?
1
What is the greatest common factor of 9758 and 3808?
238
What is the greatest common factor of 76 and 171228?
76
Calculate the greatest common divisor of 611 and 2303.
47
What is the greatest common factor of 1996 and 1078339?
499
What is the greatest common divisor of 14100 and 160?
20
Calculate the highest common factor of 188 and 1645.
47
What is the greatest common factor of 535 and 7920675?
535
Calculate the highest common factor of 693 and 112343.
77
Calculate the greatest common divisor of 1944 and 2232.
72
What is the greatest common factor of 1736 and 927892?
868
What is the highest common divisor of 2259955 and 95?
95
What is the highest common factor of 3366 and 714?
102
What is the greatest common divisor of 92873 and 22?
11
Calculate the highest common divisor of 1016 and 268097.
127
What is the highest common factor of 1856 and 161008?
464
What is the highest common factor of 770509 and 254?
127
What is the highest common divisor of 11288 and 1360?
136
Calculate the highest common factor of 225726 and 102.
102
Calculate the greatest common divisor of 336 and 82068.
84
Calculate the highest common divisor of 56 and 33502.
14
Calculate the greatest common divisor of 5824 and 767.
13
What is the greatest common factor of 129 and 362662?
43
What is the greatest common divisor of 8 and 41018?
2
What is the greatest common factor of 264 and 1560?
24
What is the highest common factor of 6944 and 22134?
434
Calculate the greatest common divisor of 5712 and 2397.
51
Calculate the highest common divisor of 55 and 10895.
5
What is the highest common factor of 65 and 2705755?
65
Calculate